igit of 224811610?
2
What is the units digit of 161454838?
8
What is the ten millions digit of 571330468?
7
What is the hundred millions digit of 1207783971?
2
What is the ten millions digit of 223391739?
2
What is the tens digit of 3008792048?
4
What is the ten millions digit of 218641674?
1
What is the tens digit of 54277781?
8
What is the tens digit of 1042157964?
6
What is the hundred thousands digit of 785825082?
8
What is the ten millions digit of 80789140?
8
What is the ten millions digit of 136656062?
3
What is the ten thousands digit of 713103828?
0
What is the tens digit of 948290?
9
What is the millions digit of 46671235?
6
What is the thousands digit of 1846906655?
6
What is the tens digit of 549077808?
0
What is the ten millions digit of 33117819?
3
What is the tens digit of 139050041?
4
What is the units digit of 7008881?
1
What is the tens digit of 1053489961?
6
What is the hundred millions digit of 443125355?
4
What is the ten millions digit of 10334434?
1
What is the thousands digit of 36486519?
6
What is the hundreds digit of 19630366?
3
What is the ten millions digit of 246354254?
4
What is the units digit of 283144684?
4
What is the tens digit of 1279958051?
5
What is the tens digit of 7843051810?
1
What is the units digit of 956127762?
2
What is the thousands digit of 5396049814?
9
What is the hundreds digit of 4979254?
2
What is the hundred thousands digit of 10627580?
6
What is the tens digit of 1037872747?
4
What is the hundred millions digit of 4051239698?
0
What is the units digit of 51625577?
7
What is the hundred millions digit of 131321576?
1
What is the millions digit of 31376154?
1
What is the millions digit of 1007311167?
7
What is the millions digit of 100688193?
0
What is the thousands digit of 926365203?
5
What is the millions digit of 2500861696?
0
What is the millions digit of 1057884659?
7
What is the tens digit of 3639607937?
3
What is the hundred thousands digit of 428371537?
3
What is the ten thousands digit of 108014905?
1
What is the tens digit of 832793544?
4
What is the millions digit of 1063988813?
3
What is the tens digit of 229464145?
4
What is the thousands digit of 36984476?
4
What is the hundred millions digit of 189134319?
1
What is the ten thousands digit of 1185618397?
1
What is the millions digit of 4752411146?
2
What is the hundred millions digit of 334713765?
3
What is the units digit of 307375521?
1
What is the hundred millions digit of 610810828?
6
What is the hundreds digit of 3930830490?
4
What is the hundreds digit of 28286229?
2
What is the millions digit of 10678930?
0
What is the hundred millions digit of 1325021033?
3
What is the hundreds digit of 93273476?
4
What is the ten millions digit of 1218892377?
1
What is the millions digit of 58277109?
8
What is the units digit of 53526726?
6
What is the tens digit of 768231943?
4
What is the millions digit of 20563870?
0
What is the millions digit of 372929576?
2
What is the hundred thousands digit of 181912655?
9
What is the billions digit of 4643221291?
4
What is the ten thousands digit of 4900312041?
1
What is the thousands digit of 1519862362?
2
What is the hundred millions digit of 911112351?
9
What is the tens digit of 54292258?
5
What is the thousands digit of 7455561?
5
What is the thousands digit of 318192081?
2
What is the hundred thousands digit of 2401421798?
4
What is the ten thousands digit of 1284474340?
7
What is the units digit of 11942283?
3
What is the millions digit of 6538699979?
8
What is the ten millions digit of 49806668?
4
What is the thousands digit of 24975522?
5
What is the units digit of 268742486?
6
What is the ten thousands digit of 120925911?
2
What is the ten thousands digit of 145503845?
0
What is the hundred thousands digit of 179104888?
1
What is the millions digit of 83199856?
3
What is the hundred millions digit of 220623167?
2
What is the hundred millions digit of 1606373778?
6
What is the tens digit of 101725405?
0
What is the hundreds digit of 1796048233?
2
What is the ten millions digit of 2214885646?
1
What is the ten thousands digit of 606784612?
8
What is the hundred thousands digit of 2025583896?
5
What is the ten thousands digit of 1050597894?
9
What is the units digit of 298617013?
3
What is the hundred thousands digit of 1526166359?
1
What is the millions digit of 541851572?
1
What is the hundreds digit of 713081250?
2
What is the ten millions digit of 153271091?
5
What is the tens digit of 444533413?
1
What is the ten millions digit of 5044555957?
4
What is the tens digit of 102294697?
9
What is the thousands digit of 1630785610?
5
What is the hundreds digit of 802603392?
3
What is the hundred thousands digit of 3980010649?
0
What is the tens digit of 1057955851?
5
What is the thousands digit of 1580150233?
0
What is the ten millions digit of 21977039?
2
What is the units digit of 720431890?
0
What is the units digit of 21092897?
7
What is the hundreds digit of 66110460?
4
What is the hundred thousands digit of 47953018?
9
What is the ten millions digit of 328324745?
2
What is the tens digit of 136888563?
6
What is the ten thousands digit of 129434970?
3
What is the hundreds digit of 43695692?
6
What is the thousands digit of 226038792?
8
What is the hundred thousands digit of 1400186519?
1
What is the thousands digit of 380707372?
7
What is the units digit of 170855203?
3
What is the millions digit of 1996862627?
6
What is the hundred millions digit of 160292540?
1
What is the hundred thousands digit of 422583264?
5
What is the units digit of 21475098?
8
What is the hundred thousands digit of 407168115?
1
What is the ten millions digit of 618466764?
1
What is the hundred millions digit of 106956087?
1
What is the units digit of 357628537?
7
What is the units digit of 623014288?
8
What is the ten thousands digit of 96430798?
3
What is the units digit of 130976487?
7
What is the ten thousands digit of 132291482?
9
What is the units digit of 329197540?
0
What is the tens digit of 39707457?
5
What is the hundreds digit of 42389041?
0
What is the tens digit of 81066132?
3
What is the ten thousands digit of 39823717?
2
What is the hundred millions digit of 403796626?
4
What is the hundreds digit of 78163388?
3
What is the thousands digit of 3031686380?
6
What is the hundreds digit of 6606940048?
0
What is the thousands digit of 2343783281?
3
What is the thousands digit of 3421312365?
2
What is the millions digit of 135434659?
5
What is the units digit of 270296842?
2
What is the hundreds digit of 708739820?
8
What is the units digit of 83993228?
8
What is the thousands digit of 43379684?
9
What is the thousands digit of 524732143?
2
What is the tens digit of 849461176?
7
What is the ten thousands digit of 218251619?
5
What is the hundred thousands digit of 116509948?
5
What is the hundreds digit of 209523053?
0
What is the millions digit of 44014231?
4
What is the tens digit of 225854565?
6
What is the ten millions digit of 129711232?
2
What is the thousands digit of 16269126?
9
What is the ten millions digit of 73434639?
7
What is the hundred thousands digit of 42832292?
8
What is the ten thousands digit of 551806470?
0
What is the thousands digit of 926462657?
2
What is the units digit of 175991622?
2
What is the hundred thousands digit of 818763873?
7
What is the ten millions digit of 148416788?
4
What is the hundred millions digit of 116405821?
1
What is the thousands digit of 210185438?
5
What is the thousands digit of 183195986?
5
What is the tens digit of 51702186?
8
What is the thousands digit of 807308228?
8
What is the millions digit of 2162536674?
2
What is the hundred millions digit of 290536226?
2
What is the hundred thousands digit of 14809356?
8
What is the hundreds digit of 287263811?
8
What is the tens digit of 114254554?
5
What is the millions digit of 133240065?
3
What is the units digit of 233318458?
8
What is the thousands digit of 12108768?
8
What is the thousands digit of 52154073?
4
What is the tens digit of 42469188?
8
What is the units digit of 1619014505?
5
What is the billions digit of 2227900578?
2
What is the hundred thousands digit of 361429745?
4
What is the millions digit of 138450823?
8
What is the units digit of 1290500528?
8
What is the ten millions 